{"id":5,"date":"2017-06-13T11:53:43","date_gmt":"2017-06-13T11:53:43","guid":{"rendered":"https:\/\/bsjsistemas.com.br\/site\/?page_id=5"},"modified":"2017-06-13T11:53:43","modified_gmt":"2017-06-13T11:53:43","slug":"quem-somos","status":"publish","type":"page","link":"https:\/\/bsjsistemas.com.br\/site\/?page_id=5","title":{"rendered":"Quem somos"},"content":{"rendered":"<p><strong>Nossa hist\u00f3ria<\/strong><\/p>\n<p>A BSJ Sistemas nasceu de uma parceria com a JLR &amp; Consultores Associados com o prop\u00f3sito de ser o bra\u00e7o respons\u00e1vel pelo desenvolvimento de aplica\u00e7\u00f5es web e mobile.<\/p>\n<p>Utilizando ferramentas modernas e \u00e1geis para modelagem de aplica\u00e7\u00f5es.<\/p>\n<p><strong>Miss\u00e3o<\/strong><\/p>\n<p>Desenvolvimento de solu\u00e7\u00f5es web e mobile corporativos.<\/p>\n<p><strong>Vis\u00e3o<\/strong><\/p>\n<p>Agregar diferencial competitivo ao neg\u00f3cio dos nossos clientes.<\/p>\n<p><strong>Valores<\/strong><\/p>\n<p>Transpar\u00eancia, \u00e9tica, responsabilidade e comprometimento.<\/p>\n\n\n<p><\/p>\n","protected":false},"excerpt":{"rendered":"<div class=\"slide-text-bg2\"><span>Nossa hist\u00f3ria A BSJ Sistemas nasceu de uma parceria com a JLR &amp; Consultores Associados com o prop\u00f3sito de ser o bra\u00e7o respons\u00e1vel pelo desenvolvim<\/span><\/div>\n<div class=\"slide-btn-area-sm\"><a href=\"https:\/\/bsjsistemas.com.br\/site\/?page_id=5\" class=\"slide-btn-sm\">Ler mais<\/a><\/div>\n","protected":false},"author":1,"featured_media":0,"parent":0,"menu_order":1,"comment_status":"closed","ping_status":"closed","template":"","meta":[],"_links":{"self":[{"href":"https:\/\/bsjsistemas.com.br\/site\/index.php?rest_route=\/wp\/v2\/pages\/5"}],"collection":[{"href":"https:\/\/bsjsistemas.com.br\/site\/index.php?rest_route=\/wp\/v2\/pages"}],"about":[{"href":"https:\/\/bsjsistemas.com.br\/site\/index.php?rest_route=\/wp\/v2\/types\/page"}],"author":[{"embeddable":true,"href":"https:\/\/bsjsistemas.com.br\/site\/index.php?rest_route=\/wp\/v2\/users\/1"}],"replies":[{"embeddable":true,"href":"https:\/\/bsjsistemas.com.br\/site\/index.php?rest_route=%2Fwp%2Fv2%2Fcomments&post=5"}],"version-history":[{"count":0,"href":"https:\/\/bsjsistemas.com.br\/site\/index.php?rest_route=\/wp\/v2\/pages\/5\/revisions"}],"wp:attachment":[{"href":"https:\/\/bsjsistemas.com.br\/site\/index.php?rest_route=%2Fwp%2Fv2%2Fmedia&parent=5"}],"curies":[{"name":"wp","href":"https:\/\/api.w.org\/{rel}","templated":true}]}}